?
False
Is 11945129929 prime?
True
Is 870944027 a prime number?
True
Is 11422757 prime?
True
Is 1533885517 composite?
False
Is 1608214481 composite?
False
Is 3874672994 prime?
False
Is 4956529801 prime?
True
Is 3551773451 composite?
False
Is 17741859683 prime?
False
Is 226850579 prime?
True
Is 7933030873 prime?
True
Is 35730456527 prime?
False
Is 2214215533 a prime number?
True
Is 1142760637 a prime number?
True
Is 60497609 a prime number?
False
Is 4204824205 prime?
False
Is 23685045199 a prime number?
True
Is 983027093 a composite number?
True
Is 18802399453 composite?
False
Is 523814344271 prime?
True
Is 9683016851 a composite number?
True
Is 331193713 composite?
False
Is 1803512983 composite?
True
Is 4860443821 prime?
False
Is 24020785279 composite?
True
Is 260114851 a composite number?
False
Is 286391621 prime?
True
Is 369475078651 composite?
True
Is 169188313927 prime?
False
Is 380453033 a composite number?
True
Is 155169466513 prime?
False
Is 6047512309 a prime number?
True
Is 8803858913 a composite number?
True
Is 2138906401 prime?
False
Is 16364652277 a composite number?
True
Is 39105317701 a composite number?
True
Is 430770797 prime?
False
Is 1530936889 prime?
False
Is 19898521061 a prime number?
True
Is 6796837357 a composite number?
True
Is 35157833393 composite?
True
Is 1088382983 composite?
True
Is 1930450921 prime?
False
Is 14297969599 a composite number?
True
Is 93687465757 a prime number?
True
Is 2889465253 a composite number?
False
Is 210703067 prime?
False
Is 32108179501 prime?
True
Is 816696149 prime?
True
Is 10700646181 composite?
True
Is 444221487277 composite?
False
Is 3700250009 a composite number?
True
Is 1269457829 a composite number?
False
Is 30500647 prime?
False
Is 2571646237 prime?
True
Is 1913056162 prime?
False
Is 23681929 composite?
False
Is 20600257 composite?
True
Is 29730873803 prime?
True
Is 8376324641 composite?
True
Is 534919669 prime?
True
Is 39555285931 a prime number?
False
Is 5741404841 a prime number?
True
Is 11692751711 prime?
True
Is 65310775567 a composite number?
True
Is 129882757 composite?
True
Is 724775719 composite?
False
Is 8163456163 composite?
False
Is 4583042797 a composite number?
False
Is 437228221 a prime number?
True
Is 22569688891 prime?
False
Is 28443685639 composite?
False
Is 29422510357 composite?
False
Is 679744433 a prime number?
True
Is 180331172033 a composite number?
True
Is 21215692339 prime?
False
Is 41249471063 a composite number?
True
Is 678294217 composite?
False
Is 2946512411 composite?
True
Is 339610057 a prime number?
True
Is 105838641094 composite?
True
Is 3682857439 a composite number?
False
Is 254267297 a prime number?
True
Is 149217401 prime?
True
Is 20569358617 prime?
False
Is 2798287213 a prime number?
False
Is 5921276243 composite?
True
Is 924967003 composite?
True
Is 4992579421 prime?
True
Is 101815183 composite?
False
Is 8783348989 a composite number?
True
Is 35028463 composite?
True
Is 3612334799 prime?
False
Is 36803892859 prime?
False
Is 265999511 a prime number?
False
Is 23453372719 composite?
True
Is 254703887 composite?
False
Is 1260603401 a composite number?
False
Is 185287567 a composite number?
True
Is 5665434043 a prime number?
False
Is 102187327 prime?
False
Is 1670185117 prime?
True
Is 2075119847 a composite number?
False
Is 3791198843 composite?
False
Is 76357632482 a prime number?
False
Is 2691879461 composite?
False
Is 9543543049 prime?
True
Is 7847201 a composite number?
True
Is 1390886771 a prime number?
True
Is 16298314723 a composite number?
False
Is 21181129 a prime number?
False
Is 33798469 composite?
True
Is 417581311 a composite number?
True
Is 317604887 composite?
False
Is 50681327017 prime?
False
Is 38232824087 a prime number?
True
Is 25547305691 composite?
True
Is 1138084973 prime?
False
Is 30669989033 prime?
False
Is 28901496551 prime?
False
Is 189768737 prime?
False
Is 959953643 composite?
True
Is 186126403499 a prime number?
True
Is 162555839 composite?
False
Is 45476577257 composite?
False
Is 2000752211 composite?
False
Is 110764853 prime?
False
Is 10862389351 a prime number?
False
Is 24825912721 a prime number?
True
Is 265531829 a composite number?
True
Is 2335541501 prime?
True
Is 50765410531 a prime number?
False
Is 3041599927 prime?
True
Is 109434751 a prime number?
True
Is 41249549753 a composite number?
False
Is 1415837113 composite?
True
Is 19167705673 a prime number?
False
Is 22329526321 a composite number?
False
Is 238471741 a prime number?
True
Is 828100333 a composite number?
True
Is 164272019 a prime number?
False
Is 213801251 prime?
True
Is 2184983243 a composite number?
True
Is 334258153 prime?
True
Is 202437419 a composite number?
True
Is 1478263363 a prime number?
False
Is 15152650109 composite?
True
Is 23932337459 prime?
True
Is 54918252019 a composite number?
False
Is 96454380367 a prime number?
True
Is 7343293589 prime?
True
Is 6245329369 a prime number?
False
Is 2517534757 a composite number?
False
Is 71589902357 prime?
True
Is 4797517213 a prime number?
True
Is 265443658 prime?
False
Is 5878244503 prime?
True
Is 69857387657 composite?
False
Is 12317859973 a prime number?
False
Is 2275568807 prime?
False
Is 4480903219 a prime number?
False
Is 22105303963 prime?
True
Is 6141340627 composite?
True
Is 192197498879 a prime number?
True
Is 10041268997 a prime number?
False
Is 14128793297 prime?
False
Is 650397337 a composite number?
True
Is 539723581 a prime number?
True
Is 2185779047 prime?
False
Is 12538240007 composite?
False
Is 1438913347 prime?
False
Is 281521517 a composite number?
False
Is 158085480271 a composite number?
False
Is 6144027647 prime?
False
Is 41531415773 prime?
False
Is 82450112573 a composite number?
True
Is 714232417 prime?
True
Is 81011899 a prime number?
True
Is 7152679651 a prime number?
False
Is 3385925331 a prime number?
False
Is 82049497289 composite?
True
Is 15436492739 a prime number?
True
Is 5147805131 a prime number?
False
Is 1034580993 a prime number?
False
Is 79349017591 a composite number?
True
Is 576366599 a prime number?
False
Is 14962362781 composite?
False
Is 4585677457 a prime number?
True
Is 55718063 a composite number?
False
Is 563509677 composite?
True
Is 945035697 a prime number?
False
Is 1245837973 a prime number?
True
Is 52517731297 prime?
False
Is 12724024111 prime?
False
Is 6592093357 prime?
False
Is 7087975967 prime?
False
Is 363705171 composite?
True
Is 59030041747 composite?
True
Is 175668239 a composite number?
True
Is 32450367107 prime?
True
Is 74030617697 prime?
True
Is 7860532817 composite?
False
Is 15880277377 a composite number?
False
Is 592314953 prime?
True
Is 673998043 prime?
True
Is 31450615123 a prime number?
True
Is 542972611 a composite number?
True
Is 8442324679 composite?
False
Is 26234301307 prime?
False
Is 1609765171 composite?
True
Is 10119209 prime?
True
Is 111133651 a prime number?
True
Is 8121217987 a composite number?
False
Is 16107870949 composite?
False
Is 1692233903 composite?
False
Is 213890389 a composite number?
True
Is 1961042729 a prime number?
True
Is 1066199909 a composite number?
False
Is 7976938561 a composite number?
True
Is 669432615821 composite?
False
Is 4813286543 a prime number?
False
Is 1167965969 a composite number?
False
Is 98617480603 composite?
True
Is 1555968959 composite?
False
Is 11397426101 a composite number?
False
Is 325749788647 composite?
True
Is 2215362313 composite?
True
Is 3041577739 a prime number?
False
Is 1695614315 prime?
False
Is 573605411 prime?
True
Is 10157857183 a prime number?
True
Is 2132980409 a prime number?
False
Is 921553133 a prime number?
True
Is 5058223327 composite?
True
Is 109399538537 a prime number?
True
Is 2356856141 prime?
True
Is 89368634962 a prime number?
False
Is 7749096323 composite?
False
Is 112437883511 composite?
True
Is 1142122771 a composite number?
True
Is 311704831 a composite number?
False
Is 658540111 composite?
True
Is 34786005427 a composite number?
False
Is 11099098357 a composite number?
True
Is 138443639107 prime?
False
Is 739158509 a prime number?
False
Is 25835607583 a prime number?
True
Is 2790927743 a composite number?
True
Is 18448220159 a prime number?
False
Is 2198713849 prime?
True
Is 203639693 composite?
False
Is 1368426593 prime?
True
Is 3098630893 a c